{"id":7236,"date":"2025-07-23T17:46:34","date_gmt":"2025-07-23T17:46:34","guid":{"rendered":"https:\/\/www.medyakapak.com\/?page_id=7236"},"modified":"2025-07-23T17:56:25","modified_gmt":"2025-07-23T17:56:25","slug":"elementor-7236","status":"publish","type":"page","link":"https:\/\/www.medyakapak.com\/?page_id=7236","title":{"rendered":"Blog Kemal \u00d6zcanl\u0131"},"content":{"rendered":"\t\t<div data-elementor-type=\"wp-page\" data-elementor-id=\"7236\" class=\"elementor elementor-7236\">\n\t\t\t\t\t\t<section class=\"elementor-section elementor-top-section elementor-element elementor-element-5792b1df elementor-section-boxed elementor-section-height-default elementor-section-height-default\" data-id=\"5792b1df\" data-element_type=\"section\" data-e-type=\"section\">\n\t\t\t\t\t\t<div class=\"elementor-container elementor-column-gap-default\">\n\t\t\t\t\t<div class=\"elementor-column elementor-col-50 elementor-top-column elementor-element elementor-element-677b1da3\" data-id=\"677b1da3\" data-element_type=\"column\" data-e-type=\"column\">\n\t\t\t<div class=\"elementor-widget-wrap elementor-element-populated\">\n\t\t\t\t\t\t<div class=\"elementor-element elementor-element-25c012b6 elementor-widget elementor-widget-empath-post-grid\" data-id=\"25c012b6\" data-element_type=\"widget\" data-e-type=\"widget\" data-widget_type=\"empath-post-grid.default\">\n\t\t\t\t<div class=\"elementor-widget-container\">\n\t\t\t\t\t<div class=\"bytf__post-wrapper\">\r\n        <div class=\"bytf__post-grid-item grid__style-two d-flex align-items-center\">\r\n        <div class=\"bytf__feature-image\">\r\n            <a aria-label=\"name\" href=\"https:\/\/www.medyakapak.com\/?p=7258\">\r\n                <img fetchpriority=\"high\" decoding=\"async\" width=\"397\" height=\"253\" src=\"https:\/\/www.medyakapak.com\/wp-content\/uploads\/2025\/07\/Screenshot-2025-07-23-210716-e1753294059275.webp\" class=\"attachment-full size-full wp-post-image\" alt=\"\" srcset=\"https:\/\/www.medyakapak.com\/wp-content\/uploads\/2025\/07\/Screenshot-2025-07-23-210716-e1753294059275.webp 397w, https:\/\/www.medyakapak.com\/wp-content\/uploads\/2025\/07\/Screenshot-2025-07-23-210716-e1753294059275-300x191.webp 300w\" sizes=\"(max-width: 397px) 100vw, 397px\" \/>            <\/a>\r\n        <\/div>\r\n        <div class=\"bytf__content\">\r\n                <a aria-label=\"name\" class=\"elementor-common-cate empath-cate-badge\" href=\"https:\/\/www.medyakapak.com\/?cat=34\" style=\"background-color:var(--thm-primary);\">\n        \t<span>Kemal \u00d6zcanl\u0131<\/span> \n        <\/a>\n            <a aria-label=\"name\" class=\"elementor-common-cate empath-cate-badge\" href=\"https:\/\/www.medyakapak.com\/?cat=38\" style=\"background-color:var(--thm-primary);\">\n        \t<span>Yazi<\/span> \n        <\/a>\n                <h4 class=\"bytf_post_title\"><a aria-label=\"name\" href=\"https:\/\/www.medyakapak.com\/?p=7258\">SPOR TUTKUNLARINA MERHABA<\/a><\/h4>\r\n            <div class=\"bytf__postmeta-info-wrapper\">\r\n                <div class=\"bytf__postmeta meta__dark\">\r\n                    <ul class=\"d-flex align-items-center\">\r\n                                                    <li class=\"authore\"><img alt='' src='https:\/\/secure.gravatar.com\/avatar\/?s=25&#038;d=mm&#038;r=g' srcset='https:\/\/secure.gravatar.com\/avatar\/?s=50&#038;d=mm&#038;r=g 2x' class='avatar avatar-25 photo avatar-default' height='25' width='25' \/><a href=\"https:\/\/www.medyakapak.com\/?author=7\" title=\"Posts by Kemal \u00d6zcanl\u0131\" rel=\"author\">Kemal \u00d6zcanl\u0131<\/a><\/li>\r\n                        \r\n                                                    <li><i class=\"fal fa-calendar\"><\/i> 23.07.2025<\/li>\r\n                        \r\n                                            <\/ul>\r\n                <\/div>\r\n                <div class=\"bytf__bookmark bookmark__dark\">\r\n                        <div class=\"bytf__bookmark\">\r\n        <span class=\"bookmark-trigger bookmark-icon \" data-post-id=\"7258\"><i class=\"far fa-bookmark\"><\/i><\/span>\r\n    <\/div>\r\n                    <\/div>\r\n            <\/div>\r\n        <\/div>\r\n    <\/div>\r\n   \r\n<\/div>\t\t\t\t<\/div>\n\t\t\t\t<\/div>\n\t\t\t\t\t<\/div>\n\t\t<\/div>\n\t\t\t\t<div class=\"elementor-column elementor-col-50 elementor-top-column elementor-element elementor-element-413fbd25\" data-id=\"413fbd25\" data-element_type=\"column\" data-e-type=\"column\">\n\t\t\t<div class=\"elementor-widget-wrap elementor-element-populated\">\n\t\t\t\t\t\t<div class=\"elementor-element elementor-element-7613997f elementor-widget elementor-widget-empath-post-grid\" data-id=\"7613997f\" data-element_type=\"widget\" data-e-type=\"widget\" data-widget_type=\"empath-post-grid.default\">\n\t\t\t\t<div class=\"elementor-widget-container\">\n\t\t\t\t\t<div class=\"bytf__post-wrapper\">\r\n       \r\n<\/div>\t\t\t\t<\/div>\n\t\t\t\t<\/div>\n\t\t\t\t\t<\/div>\n\t\t<\/div>\n\t\t\t\t\t<\/div>\n\t\t<\/section>\n\t\t\t\t<\/div>\n\t\t","protected":false},"excerpt":{"rendered":"<p>Kemal \u00d6zcanl\u0131 Yazi Spor tutkunlar\u0131na merhaba Can Temmuz 23, 2025<\/p>\n","protected":false},"author":2,"featured_media":0,"parent":0,"menu_order":0,"comment_status":"closed","ping_status":"closed","template":"","meta":{"footnotes":""},"class_list":["post-7236","page","type-page","status-publish","hentry"],"_links":{"self":[{"href":"https:\/\/www.medyakapak.com\/index.php?rest_route=\/wp\/v2\/pages\/7236","targetHints":{"allow":["GET"]}}],"collection":[{"href":"https:\/\/www.medyakapak.com\/index.php?rest_route=\/wp\/v2\/pages"}],"about":[{"href":"https:\/\/www.medyakapak.com\/index.php?rest_route=\/wp\/v2\/types\/page"}],"author":[{"embeddable":true,"href":"https:\/\/www.medyakapak.com\/index.php?rest_route=\/wp\/v2\/users\/2"}],"replies":[{"embeddable":true,"href":"https:\/\/www.medyakapak.com\/index.php?rest_route=%2Fwp%2Fv2%2Fcomments&post=7236"}],"version-history":[{"count":0,"href":"https:\/\/www.medyakapak.com\/index.php?rest_route=\/wp\/v2\/pages\/7236\/revisions"}],"wp:attachment":[{"href":"https:\/\/www.medyakapak.com\/index.php?rest_route=%2Fwp%2Fv2%2Fmedia&parent=7236"}],"curies":[{"name":"wp","href":"https:\/\/api.w.org\/{rel}","templated":true}]}}