{"id":7233,"date":"2025-07-23T15:39:40","date_gmt":"2025-07-23T15:39:40","guid":{"rendered":"https:\/\/www.medyakapak.com\/?page_id=7233"},"modified":"2025-08-27T13:44:36","modified_gmt":"2025-08-27T13:44:36","slug":"blog-tolga-bostanci","status":"publish","type":"page","link":"https:\/\/www.medyakapak.com\/?page_id=7233","title":{"rendered":"Blog Tolga Bostanci"},"content":{"rendered":"\t\t<div data-elementor-type=\"wp-page\" data-elementor-id=\"7233\" class=\"elementor elementor-7233\">\n\t\t\t\t\t\t<section class=\"elementor-section elementor-top-section elementor-element elementor-element-778b9fc2 elementor-section-boxed elementor-section-height-default elementor-section-height-default\" data-id=\"778b9fc2\" data-element_type=\"section\" data-e-type=\"section\">\n\t\t\t\t\t\t<div class=\"elementor-container elementor-column-gap-default\">\n\t\t\t\t\t<div class=\"elementor-column elementor-col-50 elementor-top-column elementor-element elementor-element-2921a521\" data-id=\"2921a521\" data-element_type=\"column\" data-e-type=\"column\">\n\t\t\t<div class=\"elementor-widget-wrap elementor-element-populated\">\n\t\t\t\t\t\t<div class=\"elementor-element elementor-element-52586dcd elementor-widget elementor-widget-empath-post-grid\" data-id=\"52586dcd\" data-element_type=\"widget\" data-e-type=\"widget\" data-widget_type=\"empath-post-grid.default\">\n\t\t\t\t<div class=\"elementor-widget-container\">\n\t\t\t\t\t<div class=\"bytf__post-wrapper\">\r\n        <div class=\"bytf__post-grid-item grid__style-two d-flex align-items-center\">\r\n        <div class=\"bytf__feature-image\">\r\n            <a aria-label=\"name\" href=\"https:\/\/www.medyakapak.com\/?p=7225\">\r\n                <img fetchpriority=\"high\" decoding=\"async\" width=\"356\" height=\"229\" src=\"https:\/\/www.medyakapak.com\/wp-content\/uploads\/2025\/07\/Screenshot-2025-07-23-183051.webp\" class=\"attachment-full size-full wp-post-image\" alt=\"\" srcset=\"https:\/\/www.medyakapak.com\/wp-content\/uploads\/2025\/07\/Screenshot-2025-07-23-183051.webp 356w, https:\/\/www.medyakapak.com\/wp-content\/uploads\/2025\/07\/Screenshot-2025-07-23-183051-300x193.webp 300w\" sizes=\"(max-width: 356px) 100vw, 356px\" \/>            <\/a>\r\n        <\/div>\r\n        <div class=\"bytf__content\">\r\n                <a aria-label=\"name\" class=\"elementor-common-cate empath-cate-badge\" href=\"https:\/\/www.medyakapak.com\/?cat=36\" style=\"background-color:var(--thm-primary);\">\n        \t<span>Tolga Bostanc\u0131<\/span> \n        <\/a>\n            <a aria-label=\"name\" class=\"elementor-common-cate empath-cate-badge\" href=\"https:\/\/www.medyakapak.com\/?cat=38\" style=\"background-color:var(--thm-primary);\">\n        \t<span>Yazi<\/span> \n        <\/a>\n                <h4 class=\"bytf_post_title\"><a aria-label=\"name\" href=\"https:\/\/www.medyakapak.com\/?p=7225\">ALTIN, G\u00dcM\u00dc\u015e VE PIRLANTAYI D\u0130NLEMEK&#8230;<\/a><\/h4>\r\n            <div class=\"bytf__postmeta-info-wrapper\">\r\n                <div class=\"bytf__postmeta meta__dark\">\r\n                    <ul class=\"d-flex align-items-center\">\r\n                                                    <li class=\"authore\"><img alt='' src='https:\/\/secure.gravatar.com\/avatar\/?s=25&#038;d=mm&#038;r=g' srcset='https:\/\/secure.gravatar.com\/avatar\/?s=50&#038;d=mm&#038;r=g 2x' class='avatar avatar-25 photo avatar-default' height='25' width='25' \/><a href=\"https:\/\/www.medyakapak.com\/?author=9\" title=\"Posts by Tolga Bostanc\u0131\" rel=\"author\">Tolga Bostanc\u0131<\/a><\/li>\r\n                        \r\n                                                    <li><i class=\"fal fa-calendar\"><\/i> 23.07.2025<\/li>\r\n                        \r\n                                            <\/ul>\r\n                <\/div>\r\n                <div class=\"bytf__bookmark bookmark__dark\">\r\n                        <div class=\"bytf__bookmark\">\r\n        <span class=\"bookmark-trigger bookmark-icon \" data-post-id=\"7225\"><i class=\"far fa-bookmark\"><\/i><\/span>\r\n    <\/div>\r\n                    <\/div>\r\n            <\/div>\r\n        <\/div>\r\n    <\/div>\r\n   \r\n<\/div>\t\t\t\t<\/div>\n\t\t\t\t<\/div>\n\t\t\t\t\t<\/div>\n\t\t<\/div>\n\t\t\t\t<div class=\"elementor-column elementor-col-50 elementor-top-column elementor-element elementor-element-35e22a0d\" data-id=\"35e22a0d\" data-element_type=\"column\" data-e-type=\"column\">\n\t\t\t<div class=\"elementor-widget-wrap elementor-element-populated\">\n\t\t\t\t\t\t<div class=\"elementor-element elementor-element-13625f6e elementor-widget elementor-widget-empath-post-grid\" data-id=\"13625f6e\" data-element_type=\"widget\" data-e-type=\"widget\" data-widget_type=\"empath-post-grid.default\">\n\t\t\t\t<div class=\"elementor-widget-container\">\n\t\t\t\t\t<div class=\"bytf__post-wrapper\">\r\n       \r\n<\/div>\t\t\t\t<\/div>\n\t\t\t\t<\/div>\n\t\t\t\t\t<\/div>\n\t\t<\/div>\n\t\t\t\t\t<\/div>\n\t\t<\/section>\n\t\t\t\t<\/div>\n\t\t","protected":false},"excerpt":{"rendered":"<p>Tolga Bostanc\u0131 Yazi Alt\u0131n, g\u00fcm\u00fc\u015f ve p\u0131rlantay\u0131 dinlemek&#8230; Can Temmuz 23, 2025<\/p>\n","protected":false},"author":2,"featured_media":0,"parent":0,"menu_order":0,"comment_status":"closed","ping_status":"closed","template":"","meta":{"footnotes":""},"class_list":["post-7233","page","type-page","status-publish","hentry"],"_links":{"self":[{"href":"https:\/\/www.medyakapak.com\/index.php?rest_route=\/wp\/v2\/pages\/7233","targetHints":{"allow":["GET"]}}],"collection":[{"href":"https:\/\/www.medyakapak.com\/index.php?rest_route=\/wp\/v2\/pages"}],"about":[{"href":"https:\/\/www.medyakapak.com\/index.php?rest_route=\/wp\/v2\/types\/page"}],"author":[{"embeddable":true,"href":"https:\/\/www.medyakapak.com\/index.php?rest_route=\/wp\/v2\/users\/2"}],"replies":[{"embeddable":true,"href":"https:\/\/www.medyakapak.com\/index.php?rest_route=%2Fwp%2Fv2%2Fcomments&post=7233"}],"version-history":[{"count":0,"href":"https:\/\/www.medyakapak.com\/index.php?rest_route=\/wp\/v2\/pages\/7233\/revisions"}],"wp:attachment":[{"href":"https:\/\/www.medyakapak.com\/index.php?rest_route=%2Fwp%2Fv2%2Fmedia&parent=7233"}],"curies":[{"name":"wp","href":"https:\/\/api.w.org\/{rel}","templated":true}]}}