{"id":6893,"date":"2025-07-07T05:43:33","date_gmt":"2025-07-07T05:43:33","guid":{"rendered":"https:\/\/www.medyakapak.com\/?page_id=6893"},"modified":"2026-01-05T15:52:51","modified_gmt":"2026-01-05T12:52:51","slug":"ana-sayfa","status":"publish","type":"page","link":"https:\/\/www.medyakapak.com\/","title":{"rendered":"Ana Sayfa"},"content":{"rendered":"\t\t<div data-elementor-type=\"wp-page\" data-elementor-id=\"6893\" class=\"elementor elementor-6893\">\n\t\t\t\t<div class=\"elementor-element elementor-element-c21b8ba e-con-full e-flex e-con e-parent\" data-id=\"c21b8ba\" data-element_type=\"container\" data-e-type=\"container\">\n\t\t<div class=\"elementor-element elementor-element-e41b112 e-con-full e-flex e-con e-child\" data-id=\"e41b112\" data-element_type=\"container\" data-e-type=\"container\">\n\t\t\t\t<div class=\"elementor-element elementor-element-5a4fff0 elementor-widget elementor-widget-text-editor\" data-id=\"5a4fff0\" data-element_type=\"widget\" data-e-type=\"widget\" data-widget_type=\"text-editor.default\">\n\t\t\t\t\t\t\t\t\t<div class=\"_df_book df-lite\" id=\"df_7848\"  _slug=\"gb-1461-sayi-3\" data-title=\"gb-1461-sayi-3\" wpoptions=\"true\" thumb=\"https:\/\/www.medyakapak.com\/wp-content\/uploads\/2026\/01\/Screenshot-2026-01-03-173835.jpg\" thumbtype=\"\" ><\/div><script class=\"df-shortcode-script\" nowprocket type=\"application\/javascript\">window.option_df_7848 = {\"outline\":[],\"autoEnableOutline\":\"false\",\"autoEnableThumbnail\":\"false\",\"overwritePDFOutline\":\"false\",\"direction\":\"1\",\"pageSize\":\"0\",\"source\":\"https:\\\/\\\/www.medyakapak.com\\\/wp-content\\\/uploads\\\/2026\\\/01\\\/GB-1461-Sayi-3-BASKI_REV_online.pdf\",\"wpOptions\":\"true\"}; if(window.DFLIP && window.DFLIP.parseBooks){window.DFLIP.parseBooks();}<\/script>\t\t\t\t\t\t\t\t<\/div>\n\t\t\t\t<\/div>\n\t\t<div class=\"elementor-element elementor-element-b7de366 e-con-full e-flex e-con e-child\" data-id=\"b7de366\" data-element_type=\"container\" data-e-type=\"container\">\n\t\t\t\t<div class=\"elementor-element elementor-element-6f681b7 elementor-widget elementor-widget-empath-post-tab\" data-id=\"6f681b7\" data-element_type=\"widget\" data-e-type=\"widget\" data-widget_type=\"empath-post-tab.default\">\n\t\t\t\t<div class=\"elementor-widget-container\">\n\t\t\t\t\t<div class=\"bytf__post-tab-wrapper\">\r\n    <ul class=\"nav nav-pills mb-3\" id=\"pills-tab\" role=\"tablist\">\r\n            <li class=\"nav-item elementor-repeater-item-087e5cd\" role=\"presentation\">\r\n            <button class=\"nav-link active\" id=\"barfii-tb1\" data-bs-toggle=\"pill\" data-bs-target=\"#barfii-tb-home1\" type=\"button\" role=\"tab\" aria-controls=\"barfii-tb-home1\" aria-selected=\"true\">G\u00fcndem<\/button>\r\n        <\/li>\r\n            <\/ul>\r\n    <div class=\"tab-content\" id=\"pills-tabContent\">\r\n            <div class=\"tab-pane animated fadeInUp show active\" id=\"barfii-tb-home1\" role=\"tabpanel\" aria-labelledby=\"barfii-tb1\">\r\n                        <div class=\"bytf__post-tab-item d-flex\">\r\n        <h2 class=\"post_count\">01<\/h2>\r\n        <div class=\"bytf__content\">                   \r\n            <h4 class=\"bytf_post_title\"><a aria-label=\"name\" href=\"https:\/\/www.medyakapak.com\/?p=7528\">\u0130LK \u0130CRAATIM FENERBAH\u00c7E\u2019Y\u0130 \u015eAMP\u0130YON YAPMAK OLACAK<\/a><\/h4> \r\n                               \r\n            <div class=\"bytf__postmeta-info-wrapper\">\r\n                <div class=\"bytf__postmeta meta__dark\">\r\n                    <ul class=\"d-flex align-items-center\">\r\n                        \r\n                        \r\n                                            <\/ul>\r\n                <\/div>\r\n                <div class=\"bytf__bookmark bookmark__dark\">\r\n                        <div class=\"bytf__bookmark\">\r\n        <span class=\"bookmark-trigger bookmark-icon \" data-post-id=\"7528\"><i class=\"far fa-bookmark\"><\/i><\/span>\r\n    <\/div>\r\n                    <\/div>\r\n            <\/div>\r\n        <\/div>        \r\n        <div class=\"bytf__feature-image\">\r\n            <a aria-label=\"name\" href=\"https:\/\/www.medyakapak.com\/?p=7528\">\r\n                <img fetchpriority=\"high\" decoding=\"async\" width=\"504\" height=\"567\" src=\"https:\/\/www.medyakapak.com\/wp-content\/uploads\/2025\/09\/Screenshot-2025-09-23-144037.jpg\" class=\"attachment-full size-full wp-post-image\" alt=\"\" srcset=\"https:\/\/www.medyakapak.com\/wp-content\/uploads\/2025\/09\/Screenshot-2025-09-23-144037.jpg 504w, https:\/\/www.medyakapak.com\/wp-content\/uploads\/2025\/09\/Screenshot-2025-09-23-144037-267x300.jpg 267w\" sizes=\"(max-width: 504px) 100vw, 504px\" \/>            <\/a>\r\n        <\/div>\r\n    <\/div>\r\n        <div class=\"bytf__post-tab-item d-flex\">\r\n        <h2 class=\"post_count\">02<\/h2>\r\n        <div class=\"bytf__content\">                   \r\n            <h4 class=\"bytf_post_title\"><a aria-label=\"name\" href=\"https:\/\/www.medyakapak.com\/?p=7534\">B\u0130RL\u0130KTE BA\u015eARDIK<\/a><\/h4> \r\n                               \r\n            <div class=\"bytf__postmeta-info-wrapper\">\r\n                <div class=\"bytf__postmeta meta__dark\">\r\n                    <ul class=\"d-flex align-items-center\">\r\n                        \r\n                        \r\n                                            <\/ul>\r\n                <\/div>\r\n                <div class=\"bytf__bookmark bookmark__dark\">\r\n                        <div class=\"bytf__bookmark\">\r\n        <span class=\"bookmark-trigger bookmark-icon \" data-post-id=\"7534\"><i class=\"far fa-bookmark\"><\/i><\/span>\r\n    <\/div>\r\n                    <\/div>\r\n            <\/div>\r\n        <\/div>        \r\n        <div class=\"bytf__feature-image\">\r\n            <a aria-label=\"name\" href=\"https:\/\/www.medyakapak.com\/?p=7534\">\r\n                <img decoding=\"async\" width=\"259\" height=\"216\" src=\"https:\/\/www.medyakapak.com\/wp-content\/uploads\/2025\/09\/Screenshot-2025-09-23-145159.jpg\" class=\"attachment-full size-full wp-post-image\" alt=\"\" \/>            <\/a>\r\n        <\/div>\r\n    <\/div>\r\n        <div class=\"bytf__post-tab-item d-flex\">\r\n        <h2 class=\"post_count\">03<\/h2>\r\n        <div class=\"bytf__content\">                   \r\n            <h4 class=\"bytf_post_title\"><a aria-label=\"name\" href=\"https:\/\/www.medyakapak.com\/?p=7586\">BAZI YAZILAR KA\u011eIDA DE\u011e\u0130L, KALBE D\u00dc\u015eER.<\/a><\/h4> \r\n                               \r\n            <div class=\"bytf__postmeta-info-wrapper\">\r\n                <div class=\"bytf__postmeta meta__dark\">\r\n                    <ul class=\"d-flex align-items-center\">\r\n                        \r\n                        \r\n                                            <\/ul>\r\n                <\/div>\r\n                <div class=\"bytf__bookmark bookmark__dark\">\r\n                        <div class=\"bytf__bookmark\">\r\n        <span class=\"bookmark-trigger bookmark-icon \" data-post-id=\"7586\"><i class=\"far fa-bookmark\"><\/i><\/span>\r\n    <\/div>\r\n                    <\/div>\r\n            <\/div>\r\n        <\/div>        \r\n        <div class=\"bytf__feature-image\">\r\n            <a aria-label=\"name\" href=\"https:\/\/www.medyakapak.com\/?p=7586\">\r\n                <img decoding=\"async\" width=\"460\" height=\"341\" src=\"https:\/\/www.medyakapak.com\/wp-content\/uploads\/2025\/10\/Screenshot-2025-10-11-154637-e1760187721286.jpg\" class=\"attachment-full size-full wp-post-image\" alt=\"\" srcset=\"https:\/\/www.medyakapak.com\/wp-content\/uploads\/2025\/10\/Screenshot-2025-10-11-154637-e1760187721286.jpg 460w, https:\/\/www.medyakapak.com\/wp-content\/uploads\/2025\/10\/Screenshot-2025-10-11-154637-e1760187721286-300x222.jpg 300w\" sizes=\"(max-width: 460px) 100vw, 460px\" \/>            <\/a>\r\n        <\/div>\r\n    <\/div>\r\n     \r\n        <\/div>\r\n            <\/div>\r\n<\/div>\t\t\t\t<\/div>\n\t\t\t\t<\/div>\n\t\t\t\t<div class=\"elementor-element elementor-element-167081c elementor-widget elementor-widget-text-editor\" data-id=\"167081c\" data-element_type=\"widget\" data-e-type=\"widget\" data-widget_type=\"text-editor.default\">\n\t\t\t\t\t\t\t\t\t<div class=\"radio_player\" data-player-type=\"shortcode\" data-data=\"eyJpZCI6MSwidGl0bGUiOiJQbGF5ZXIgVGl0bGUiLCJzdGlja3kiOmZhbHNlLCJzdGF0dXMiOnRydWUsInNraW4iOiJza2luMiIsInN0YXRpb25zIjpbeyJ0aXRsZSI6Ik1lZHlhIEthcGFrIEZNIiwic3RyZWFtIjoiaHR0cHM6XC9cLzI0MDgzLmxpdmUuc3RyZWFtdGhld29ybGQuY29tXC9XQkJSQU1BQUMuYWFjIiwidGh1bWJuYWlsIjoiaHR0cHM6XC9cL3d3dy5tZWR5YWthcGFrLmNvbVwvd3AtY29udGVudFwvcGx1Z2luc1wvcmFkaW8tcGxheWVyXC9hc3NldHNcL2ltYWdlc1wvcGxhY2Vob2xkZXIucG5nIn1dLCJhdXRvcGxheSI6ZmFsc2UsInBvcHVwX2ljb24iOmZhbHNlLCJwbGF5bGlzdF9pY29uIjpmYWxzZSwiaGlzdG9yeV9pY29uIjpmYWxzZSwidm9sdW1lX2NvbnRyb2wiOnRydWUsInBsYXllcl9zdGF0dXMiOnRydWUsInNob3dfYXJ0aXN0IjpmYWxzZSwic2hvd19hcnR3b3JrIjpmYWxzZSwicGxheWVyX3RleHQiOiJMaXN0ZW4gTGl2ZSIsIndpZHRoIjozNTAsIndpZHRoX21vYmlsZSI6MzIwLCJib3JkZXJfcmFkaXVzIjoxMCwiYmdfY29sb3IiOiIjNTU4MUE0IiwiYmdfaW1hZ2UiOiJodHRwczpcL1wvd3d3Lm1lZHlha2FwYWsuY29tXC93cC1jb250ZW50XC9wbHVnaW5zXC9yYWRpby1wbGF5ZXJcL2Fzc2V0c1wvaW1hZ2VzXC9wbGF5ZXItYmcucG5nIiwiYmdfdHlwZSI6ImNvbG9yIiwiY29sb3JfdHlwZSI6InNvbGlkIiwidGV4dF9jb2xvciI6IiNmZmYiLCJib3hfc2hhZG93Ijp0cnVlLCJib3hfc2hhZG93X2giOjAsImJveF9zaGFkb3dfdiI6MjUsImJveF9zaGFkb3dfYmx1ciI6MjAsImJveF9zaGFkb3dfc3ByZWFkIjotMjUsImJveF9zaGFkb3dfY29sb3IiOiJyZ2JhKDAsIDAsIDAsIDAuNDUpIiwiYm94X3NoYWRvd190eXBlIjoiIiwid2lkdGhfZGV2aWNlIjoiZGVza3RvcCJ9\"><\/div>\t\t\t\t\t\t\t\t<\/div>\n\t\t\t\t<\/div>\n\t\t\t\t<\/div>\n\t\t\t\t<section class=\"elementor-section elementor-top-section elementor-element elementor-element-796f0ef3 elementor-section-boxed elementor-section-height-default elementor-section-height-default\" data-id=\"796f0ef3\" data-element_type=\"section\" data-e-type=\"section\">\n\t\t\t\t\t\t<div class=\"elementor-container elementor-column-gap-default\">\n\t\t\t\t\t<div class=\"elementor-column elementor-col-100 elementor-top-column elementor-element elementor-element-3caba90b\" data-id=\"3caba90b\" data-element_type=\"column\" data-e-type=\"column\">\n\t\t\t<div class=\"elementor-widget-wrap elementor-element-populated\">\n\t\t\t\t\t\t<div class=\"elementor-element elementor-element-1e430a36 elementor-widget elementor-widget-empath-heading\" data-id=\"1e430a36\" data-element_type=\"widget\" data-e-type=\"widget\" data-widget_type=\"empath-heading.default\">\n\t\t\t\t<div class=\"elementor-widget-container\">\n\t\t\t\t\t<div class=\"bytf__section-heading style__two d-flex justify-content-between align-items-center\">\r\n    <div class=\"title__wrapper d-flex align-items-center\">\r\n        <svg width=\"22\" height=\"25\" viewBox=\"0 0 22 25\" fill=\"none\" xmlns=\"http:\/\/www.w3.org\/2000\/svg\">\r\n            <path d=\"M7.32968 24.0905L20.9897 3.09054C21.8551 1.76007 20.9003 0 19.3132 0H12.5H2C0.895431 0 0 0.89543 0 2V23C0 24.1046 0.89543 25 2 25H5.65316C6.32987 25 6.96069 24.6578 7.32968 24.0905Z\" fill=\"#C90301\"\/>\r\n        <\/svg>\r\n        <h2 class=\"bytf__title\">R\u00f6portajlar<\/h2>    <\/div>    \r\n            <div class=\"btn_wraper\">\r\n            <a aria-label=\"name\" href=\"https:\/\/www.medyakapak.com\/?page_id=7731\" target=\"_blank\" rel=\"nofollow\">\r\n                <span>B\u00fct\u00fcn Yay\u0131nlar<\/span>\r\n                <i class=\"fal fa-arrow-right\"><\/i>\r\n            <\/a>\r\n        <\/div>\r\n    <\/div>\t\t\t\t<\/div>\n\t\t\t\t<\/div>\n\t\t\t\t<div class=\"elementor-element elementor-element-37731998 elementor-widget elementor-widget-empath-post-grid-col\" data-id=\"37731998\" data-element_type=\"widget\" data-e-type=\"widget\" data-widget_type=\"empath-post-grid-col.default\">\n\t\t\t\t<div class=\"elementor-widget-container\">\n\t\t\t\t\t<div class=\"bytf__post-wrapper with-border\">\r\n    <div class=\"row\">\r\n            <div class=\"col-lg-6 col-xl-3 col-md-6\">\r\n            <div class=\"bytf__post-grid-clm-item style__three\">\r\n                <div class=\"bytf__feature-image\">\r\n                    <a aria-label=\"name\" href=\"https:\/\/www.medyakapak.com\/?p=7765\">\r\n                        <img loading=\"lazy\" decoding=\"async\" width=\"1262\" height=\"1160\" src=\"https:\/\/www.medyakapak.com\/wp-content\/uploads\/2025\/10\/Screenshot-2025-10-19-170759.jpg\" class=\"attachment-full size-full wp-post-image\" alt=\"\" srcset=\"https:\/\/www.medyakapak.com\/wp-content\/uploads\/2025\/10\/Screenshot-2025-10-19-170759.jpg 1262w, https:\/\/www.medyakapak.com\/wp-content\/uploads\/2025\/10\/Screenshot-2025-10-19-170759-300x276.jpg 300w, https:\/\/www.medyakapak.com\/wp-content\/uploads\/2025\/10\/Screenshot-2025-10-19-170759-1024x941.jpg 1024w, https:\/\/www.medyakapak.com\/wp-content\/uploads\/2025\/10\/Screenshot-2025-10-19-170759-768x706.jpg 768w\" sizes=\"(max-width: 1262px) 100vw, 1262px\" \/>                    <\/a>\r\n                <\/div>\r\n                <div class=\"bytf__content\">\r\n                                        <h3 class=\"bytf_post_title\"><a href=\"https:\/\/www.medyakapak.com\/?p=7765\">ORGANIZE \u0130\u015eLER: KARUN HAZ\u0130NES\u0130 \u00c7EK\u0130MLER\u0130 KAPALI\u00c7AR\u015eI\u2019DA GER\u00c7EKLE\u015eT\u0130R\u0130LD\u0130.<\/a><\/h3>\r\n                                        <p>\r\n                    \r\n                           &#8220;Organize \u0130\u015fler: Karun Hazinesi \u00e7ekimleri Kapal\u0131\u00e7ar\u015f\u0131\u2019da ger\u00e7ekle\u015ftirildi.T\u00fcrkiye sinemas\u0131n\u0131n en iddial\u0131 yap\u0131mlar\u0131ndan biri olan film setinde,o                        \r\n                    <\/p>\r\n                                        <div class=\"bytf__postmeta-info-wrapper\">\r\n                        <div class=\"bytf__postmeta meta__dark\">\r\n                            <ul class=\"d-flex align-items-center\">\r\n                                \r\n                                                                    <li><i class=\"fal fa-calendar\"><\/i> 19.10.2025<\/li>\r\n                                \r\n                                                            <\/ul>\r\n                        <\/div>\r\n                        <div class=\"bytf__bookmark bookmark__dark\">\r\n                                <div class=\"bytf__bookmark\">\r\n        <span class=\"bookmark-trigger bookmark-icon \" data-post-id=\"7765\"><i class=\"far fa-bookmark\"><\/i><\/span>\r\n    <\/div>\r\n                            <\/div>\r\n                    <\/div>\r\n                <\/div>\r\n            <\/div>\r\n        <\/div>\r\n                <div class=\"col-lg-6 col-xl-3 col-md-6\">\r\n            <div class=\"bytf__post-grid-clm-item style__three\">\r\n                <div class=\"bytf__feature-image\">\r\n                    <a aria-label=\"name\" href=\"https:\/\/www.medyakapak.com\/?p=7531\">\r\n                        <img loading=\"lazy\" decoding=\"async\" width=\"873\" height=\"701\" src=\"https:\/\/www.medyakapak.com\/wp-content\/uploads\/2025\/09\/Screenshot-2025-09-23-144448-e1760188356634.jpg\" class=\"attachment-full size-full wp-post-image\" alt=\"\" srcset=\"https:\/\/www.medyakapak.com\/wp-content\/uploads\/2025\/09\/Screenshot-2025-09-23-144448-e1760188356634.jpg 873w, https:\/\/www.medyakapak.com\/wp-content\/uploads\/2025\/09\/Screenshot-2025-09-23-144448-e1760188356634-300x241.jpg 300w, https:\/\/www.medyakapak.com\/wp-content\/uploads\/2025\/09\/Screenshot-2025-09-23-144448-e1760188356634-768x617.jpg 768w\" sizes=\"(max-width: 873px) 100vw, 873px\" \/>                    <\/a>\r\n                <\/div>\r\n                <div class=\"bytf__content\">\r\n                                        <h3 class=\"bytf_post_title\"><a href=\"https:\/\/www.medyakapak.com\/?p=7531\">TURGAY KIRAN\u2019DAN GRAND BAZAAR 1461\u2019E \u00d6ZEL A\u00c7IKLAMALAR.<\/a><\/h3>\r\n                                        <p>\r\n                    \r\n                           Galatasaray Lisesi\u2019nden ald\u0131\u011f\u0131 evrensel bak\u0131\u015fla turizmden sigortac\u0131l\u0131\u011fa, federasyonlardan kul\u00fcp y\u00f6netimine uzanan \u00e7ok katmanl\u0131 bir kariyer\u2026                        \r\n                    <\/p>\r\n                                        <div class=\"bytf__postmeta-info-wrapper\">\r\n                        <div class=\"bytf__postmeta meta__dark\">\r\n                            <ul class=\"d-flex align-items-center\">\r\n                                \r\n                                                                    <li><i class=\"fal fa-calendar\"><\/i> 18.10.2025<\/li>\r\n                                \r\n                                                            <\/ul>\r\n                        <\/div>\r\n                        <div class=\"bytf__bookmark bookmark__dark\">\r\n                                <div class=\"bytf__bookmark\">\r\n        <span class=\"bookmark-trigger bookmark-icon \" data-post-id=\"7531\"><i class=\"far fa-bookmark\"><\/i><\/span>\r\n    <\/div>\r\n                            <\/div>\r\n                    <\/div>\r\n                <\/div>\r\n            <\/div>\r\n        <\/div>\r\n                <div class=\"col-lg-6 col-xl-3 col-md-6\">\r\n            <div class=\"bytf__post-grid-clm-item style__three\">\r\n                <div class=\"bytf__feature-image\">\r\n                    <a aria-label=\"name\" href=\"https:\/\/www.medyakapak.com\/?p=7538\">\r\n                        <img loading=\"lazy\" decoding=\"async\" width=\"1144\" height=\"852\" src=\"https:\/\/www.medyakapak.com\/wp-content\/uploads\/2025\/09\/Screenshot-2025-09-23-145635.jpg\" class=\"attachment-full size-full wp-post-image\" alt=\"\" srcset=\"https:\/\/www.medyakapak.com\/wp-content\/uploads\/2025\/09\/Screenshot-2025-09-23-145635.jpg 1144w, https:\/\/www.medyakapak.com\/wp-content\/uploads\/2025\/09\/Screenshot-2025-09-23-145635-300x223.jpg 300w, https:\/\/www.medyakapak.com\/wp-content\/uploads\/2025\/09\/Screenshot-2025-09-23-145635-1024x763.jpg 1024w, https:\/\/www.medyakapak.com\/wp-content\/uploads\/2025\/09\/Screenshot-2025-09-23-145635-768x572.jpg 768w\" sizes=\"(max-width: 1144px) 100vw, 1144px\" \/>                    <\/a>\r\n                <\/div>\r\n                <div class=\"bytf__content\">\r\n                                        <h3 class=\"bytf_post_title\"><a href=\"https:\/\/www.medyakapak.com\/?p=7538\">DEMET \u015eENER \u201cHAYATIMIN EN MUTLU D\u00d6NEM\u0130N\u0130 YA\u015eIYORUM.\u201d<\/a><\/h3>\r\n                                        <p>\r\n                    \r\n                           Modellikten sunuculu\u011fa, annelikten ekranlara\u2026 Her d\u00f6nemde zarafeti, disiplini ve samimiyetiyle ad\u0131ndan s\u00f6z ettiren Demet \u015eener,                        \r\n                    <\/p>\r\n                                        <div class=\"bytf__postmeta-info-wrapper\">\r\n                        <div class=\"bytf__postmeta meta__dark\">\r\n                            <ul class=\"d-flex align-items-center\">\r\n                                \r\n                                                                    <li><i class=\"fal fa-calendar\"><\/i> 16.10.2025<\/li>\r\n                                \r\n                                                            <\/ul>\r\n                        <\/div>\r\n                        <div class=\"bytf__bookmark bookmark__dark\">\r\n                                <div class=\"bytf__bookmark\">\r\n        <span class=\"bookmark-trigger bookmark-icon \" data-post-id=\"7538\"><i class=\"far fa-bookmark\"><\/i><\/span>\r\n    <\/div>\r\n                            <\/div>\r\n                    <\/div>\r\n                <\/div>\r\n            <\/div>\r\n        <\/div>\r\n                <div class=\"col-lg-6 col-xl-3 col-md-6\">\r\n            <div class=\"bytf__post-grid-clm-item style__three\">\r\n                <div class=\"bytf__feature-image\">\r\n                    <a aria-label=\"name\" href=\"https:\/\/www.medyakapak.com\/?p=7789\">\r\n                        <img loading=\"lazy\" decoding=\"async\" width=\"1103\" height=\"837\" src=\"https:\/\/www.medyakapak.com\/wp-content\/uploads\/2025\/10\/Screenshot-2025-10-19-173610.jpg\" class=\"attachment-full size-full wp-post-image\" alt=\"\" srcset=\"https:\/\/www.medyakapak.com\/wp-content\/uploads\/2025\/10\/Screenshot-2025-10-19-173610.jpg 1103w, https:\/\/www.medyakapak.com\/wp-content\/uploads\/2025\/10\/Screenshot-2025-10-19-173610-300x228.jpg 300w, https:\/\/www.medyakapak.com\/wp-content\/uploads\/2025\/10\/Screenshot-2025-10-19-173610-1024x777.jpg 1024w, https:\/\/www.medyakapak.com\/wp-content\/uploads\/2025\/10\/Screenshot-2025-10-19-173610-768x583.jpg 768w\" sizes=\"(max-width: 1103px) 100vw, 1103px\" \/>                    <\/a>\r\n                <\/div>\r\n                <div class=\"bytf__content\">\r\n                                        <h3 class=\"bytf_post_title\"><a href=\"https:\/\/www.medyakapak.com\/?p=7789\">IRINA SHAYK ILE YEREBATAN\u2019DAN KAPALI\u00c7AR\u015eI\u2019YA B\u00dcY\u00dcLEYICI BIR<\/a><\/h3>\r\n                                        <p>\r\n                    \r\n                           D\u00fcnyaca \u00fcnl\u00fc model Irina Shayk, ge\u00e7ti\u011fimiz g\u00fcnlerde tatil i\u00e7in geldi\u011fi Istanbul\u2019da hem tarihi dokulara hem                        \r\n                    <\/p>\r\n                                        <div class=\"bytf__postmeta-info-wrapper\">\r\n                        <div class=\"bytf__postmeta meta__dark\">\r\n                            <ul class=\"d-flex align-items-center\">\r\n                                \r\n                                                                    <li><i class=\"fal fa-calendar\"><\/i> 19.09.2025<\/li>\r\n                                \r\n                                                            <\/ul>\r\n                        <\/div>\r\n                        <div class=\"bytf__bookmark bookmark__dark\">\r\n                                <div class=\"bytf__bookmark\">\r\n        <span class=\"bookmark-trigger bookmark-icon \" data-post-id=\"7789\"><i class=\"far fa-bookmark\"><\/i><\/span>\r\n    <\/div>\r\n                            <\/div>\r\n                    <\/div>\r\n                <\/div>\r\n            <\/div>\r\n        <\/div>\r\n           \r\n    <\/div>\r\n<\/div>\t\t\t\t<\/div>\n\t\t\t\t<\/div>\n\t\t\t\t\t<\/div>\n\t\t<\/div>\n\t\t\t\t\t<\/div>\n\t\t<\/section>\n\t\t\t\t<\/div>\n\t\t","protected":false},"excerpt":{"rendered":"<p>G\u00fcndem 01 \u0130LK \u0130CRAATIM FENERBAH\u00c7E\u2019Y\u0130 \u015eAMP\u0130YON YAPMAK OLACAK 02 B\u0130RL\u0130KTE BA\u015eARDIK 03 BAZI YAZILAR KA\u011eIDA DE\u011e\u0130L, KALBE D\u00dc\u015eER. R\u00f6portajlar B\u00fct\u00fcn Yay\u0131nlar ORGANIZE \u0130\u015eLER: KARUN HAZ\u0130NES\u0130 \u00c7EK\u0130MLER\u0130 KAPALI\u00c7AR\u015eI\u2019DA GER\u00c7EKLE\u015eT\u0130R\u0130LD\u0130. &#8220;Organize \u0130\u015fler: Karun Hazinesi \u00e7ekimleri Kapal\u0131\u00e7ar\u015f\u0131\u2019da ger\u00e7ekle\u015ftirildi.T\u00fcrkiye sinemas\u0131n\u0131n en iddial\u0131 yap\u0131mlar\u0131ndan biri olan film setinde,o 19.10.2025 TURGAY KIRAN\u2019DAN GRAND BAZAAR 1461\u2019E \u00d6ZEL A\u00c7IKLAMALAR. Galatasaray Lisesi\u2019nden ald\u0131\u011f\u0131 evrensel [&hellip;]<\/p>\n","protected":false},"author":2,"featured_media":0,"parent":0,"menu_order":0,"comment_status":"closed","ping_status":"closed","template":"","meta":{"footnotes":""},"class_list":["post-6893","page","type-page","status-publish","hentry"],"_links":{"self":[{"href":"https:\/\/www.medyakapak.com\/index.php?rest_route=\/wp\/v2\/pages\/6893","targetHints":{"allow":["GET"]}}],"collection":[{"href":"https:\/\/www.medyakapak.com\/index.php?rest_route=\/wp\/v2\/pages"}],"about":[{"href":"https:\/\/www.medyakapak.com\/index.php?rest_route=\/wp\/v2\/types\/page"}],"author":[{"embeddable":true,"href":"https:\/\/www.medyakapak.com\/index.php?rest_route=\/wp\/v2\/users\/2"}],"replies":[{"embeddable":true,"href":"https:\/\/www.medyakapak.com\/index.php?rest_route=%2Fwp%2Fv2%2Fcomments&post=6893"}],"version-history":[{"count":63,"href":"https:\/\/www.medyakapak.com\/index.php?rest_route=\/wp\/v2\/pages\/6893\/revisions"}],"predecessor-version":[{"id":7891,"href":"https:\/\/www.medyakapak.com\/index.php?rest_route=\/wp\/v2\/pages\/6893\/revisions\/7891"}],"wp:attachment":[{"href":"https:\/\/www.medyakapak.com\/index.php?rest_route=%2Fwp%2Fv2%2Fmedia&parent=6893"}],"curies":[{"name":"wp","href":"https:\/\/api.w.org\/{rel}","templated":true}]}}